) + 18/(-63). Suppose d - 12 = 3*g. What are the prime factors of g?
3, 7
Let p(m) = 16*m + 33. List the prime factors of p(14).
257
Suppose -2*o + 3 = o. Suppose -5*h = -o - 19. Suppose 0 = -h*f + 203 - 23. List the prime factors of f.
3, 5
Suppose a + 957 = -2*w, 951 = 3*w - 5*w + 5*a. Let s = -258 - w. List the prime factors of s.
2, 5, 11
What are the prime factors of 3/(-15) + 79*728/35?
31, 53
Suppose 5*o - 99 = -3*z, 4*z - 118 = -0*z - 2*o. Let v = z - -6. What are the prime factors of v?
2, 17
Let v(w) = -2*w**2 - 47*w + 79. Let g be v(-24). Suppose 0*x - 2*x - 62 = 0. Let c = g + x. List the prime factors of c.
2, 3
Let k = 4 - 5. What are the prime factors of (5 + -3)/k - (2 - 50)?
2, 23
Suppose -3*g - 6 = -6*g. Let s(q) = 4*q**3 + 2*q**2 + q. Let k be s(-1). List the prime factors of -1 + k + g - -7.
5
Suppose -x = 177 - 17. Let m = 267 + x. List the prime factors of m.
107
Let r = 4 + -3. Let a be r - (0 + -1)*31. Suppose -g - 3*o - 5 + 25 = 0, -2*g = 4*o - a. What are the prime factors of g?
2
Suppose 4*y - 623 - 169 = 0. Suppose -2*a = -y - 122. Suppose -5*w = -10*w + a. List the prime factors of w.
2
Suppose 0 = 5*k - 4*k - 4. Suppose -6 = -6*g + k*g. Suppose 20 = g*v - v - 4*y, -3*v = 4*y + 10. What are the prime factors of v?
2
Let h be 8/(-36)*(-19 + 1). Let n = -5 - -8. Suppose -99 = -h*u - 3*t, n*t - 2 - 1 = 0. List the prime factors of u.
2, 3
Let g be (-3)/2*(-88 + -2). Suppose -g = 3*x + o + 2*o, -x - 33 = 4*o. Let w = x - -76. List the prime factors of w.
3
Let a(r) = 4*r**2 - r - 2. Suppose -4 = 3*v - v. What are the prime factors of a(v)?
2
Suppose -16*w - 351 = -8479. List the prime factors of w.
2, 127
Suppose -4*m + 2977 = 5*b, -2381 = b - 5*b - 3*m. List the prime factors of b.
593
Suppose b - 5*m - 245 = 0, -5*b - 5*m + 3*m + 1360 = 0. List the prime factors of b.
2, 3, 5
Let i = -130 - -590. What are the prime factors of i/16 + -3 + (-13)/(-4)?
29
What are the prime factors of (894/(-5))/(1*(-6)/15)?
3, 149
Suppose 21*n - 32962 = 2675. What are the prime factors of n?
1697
Suppose g + 4 = 3*g. Let p be (-4)/(-2) - (g - 0). Suppose -a + 5*a - 2*u = 60, p = 3*u + 12. List the prime factors of a.
13
Let y(j) = j**3 - 3*j**2 + 2*j + 1. Suppose -11*v + 48 = -3*v. List the prime factors of y(v).
11
Let v be (0/2)/(-6 - -3). Suppose -5*z - f + 94 = 0, 0*f - 4*f - 4 = v. List the prime factors of z.
19
Suppose 22*z - 372 = 18*z. List the prime factors of z.
3, 31
Let k = -377 - -533. Suppose 5*s - 214 - k = 0. What are the prime factors of s?
2, 37
Let a = -236 + 714. Suppose a = -4*r + 1546. List the prime factors of r.
3, 89
Let u = 2 + -3. Let h be 0/u + 54/6. Suppose 3*i - 5*t - 10 = 0, -2*t + h = 1. List the prime factors of i.
2, 5
Let b = 266 + -166. What are the prime factors of b?
2, 5
Suppose -u = -4*u - 3*f + 1242, 4*f = -8. What are the prime factors of u?
2, 13
Let f(x) = -10*x - 11. Let m be f(-7). Let j = m - 20. List the prime factors of j.
3, 13
Suppose l - 1470 = -4*h, -l + h = -161 - 1299. List the prime factors of l.
2, 17, 43
Let q = -18 - -15. Let p = q - -5. Suppose -4 = -m + p. List the prime factors of m.
2, 3
List the prime factors of 5/((-70)/4) + (-62509)/(-119).
3, 5, 7
Suppose -839 = -4*d + 4*x + 1785, -3*x = 12. What are the prime factors of d?
2, 163
Let u be (18/15 + 0)/(2/(-240)). Let w = -73 - u. List the prime factors of w.
71
Suppose 4*c - c = 4*z + 2010, 2*z = 4*c - 2670. Let h = -378 + c. List the prime factors of h.
2, 3
Let f be -1*2 - (-36)/9 - -3. Suppose f*o + 4*w + 2 - 140 = 0, 2*o + w - 57 = 0. List the prime factors of o.
2, 3, 5
Let s(m) = -m**2 + 12*m - 11. Let q be s(11). Suppose -3*n = 4*z - 260, q*z = -2*z - n + 128. List the prime factors of z.
2, 31
Let v be -3 - (0 - -2)/(-2). What are the prime factors of v/(-1) - 129/(-1)?
131
What are the prime factors of 211 + -1 + 10/5?
2, 53
Suppose 2*f + u = 1828, -6*f + f + 4569 = 2*u. What are the prime factors of f?
11, 83
Let y = -418 + 655. What are the prime factors of y?
3, 79
Let p = 546 - 546. Let r = -303 + 521. Suppose 10 = 3*j + 1, p = 5*c + j - r. What are the prime factors of c?
43
Let o(s) = 6*s**2 + 35*s + 122. List the prime factors of o(-9).
293
Suppose 3*d - 1489 - 4720 = -2*y, 0 = -4*d - 3*y + 8280. List the prime factors of d.
3, 13, 53
Suppose -31*a + 96 = -37*a. List the prime factors of (a/(-20))/(1/60).
2, 3
Let s(d) = -d**3 + 6*d**2 - 5*d + 5. Suppose -3*w - 219 = 3*o, 0*o - 2*w = -o - 64. Let f be -2*(o/4)/7. List the prime factors of s(f).
5
Suppose 77*n + 2636 = 81*n. Suppose 3*w = -k + n, k + 204 = 2*w - 242. List the prime factors of w.
13, 17
Suppose -2*d + 32 = 2*d. List the prime factors of d/(5/(150/5)).
2, 3
Suppose g - 4*r = 10, -3 = -r - 5. Suppose g*o + d = 332 + 145, 471 = 2*o + 3*d. Suppose 0 = 4*w - 10*w + o. List the prime factors of w.
2, 5
Let g = 26 - -56. What are the prime factors of g?
2, 41
Suppose 0 = -98*c + 101*c - 1557. What are the prime factors of c?
3, 173
Let f = -39 - 18. Let y = -36 - f. What are the prime factors of y?
3, 7
Let g = -631 - -2337. What are the prime factors of g?
2, 853
Suppose -2*p = -2*v - 8, v + 5 = -2*p + 1. Suppose 4*b - w - 879 = p, -3*w - w = -2*b + 436. List the prime factors of b.
2, 5, 11
Suppose 78*y + 1760 = 82*y. What are the prime factors of y?
2, 5, 11
Suppose -2*k - 51 + 3 = 0. Let m be 6*k/(-1 - -3). Let h = -30 - m. List the prime factors of h.
2, 3, 7
Suppose r + 2*r - 54 = 0. Suppose 20 = -4*c, 0 = b - 0*b + 2*c + r. What are the prime factors of ((-16)/b)/(2/14)?
2, 7
Let p be 4 + (-5 - -4) - -11. Let h be p/28*(1 - -145). What are the prime factors of (h/(-3))/(2/(-6))?
73
Suppose 0 = 2*b - 9*b + 2779. What are the prime factors of b?
397
Let r = 3 + -3. Let x = 0 - r. Suppose x = 2*g - 14 - 60. What are the prime factors of g?
37
Let a(g) = 3*g - 6. Let h be a(8). Suppose 10*b - h = 4*b. Suppose n + 0 = 3*l - 11, 5*n - 35 = -b*l. What are the prime factors of l?
5
Suppose -16772 - 19678 = -15*b. List the prime factors of b.
2, 3, 5
Let k(j) = 167*j**2 - 83*j - 324. List the prime factors of k(-4).
2, 5, 67
Let k(r) = 20*r - 251. List the prime factors of k(31).
3, 41
Let z = 266 - 96. List the prime factors of z.
2, 5, 17
Let x(y) = -y - 2. Let h be x(-1). Let u be (-3 + (-5)/h)*1. Suppose 5*o + 6*p - 30 = u*p, o + 5*p = 27. What are the prime factors of o?
2
Let f(p) = -8*p + 1. Let l be f(-10). Let x be (l/(-12))/((-2)/8). List the prime factors of (-3)/(-2)*900/x.
2, 5
Let v(r) = 108*r**2 - 43*r - 139. What are the prime factors of v(-7)?
2, 3, 101
Let a be 53 + (-2 - -1) + 1. Suppose -3*n + 134 = a. Suppose 3*k - 141 = -n. What are the prime factors of k?
2, 19
Suppose 3*w + 0*k - 40 = -5*k, -2*w - 3*k = -25. Suppose -w*r - 2*c + 3*c = -122, 0 = -r + 5*c + 10. What are the prime factors of r?
5
Let o(t) = t**3 - 6*t**2. Suppose -6*r + 30 = -6. Let w be o(r). Suppose w = 2*x - 36 - 12. What are the prime factors of x?
2, 3
Let u = 1600 + -329. What are the prime factors of u?
31, 41
Suppose -13396 = 51*u - 42364. What are the prime factors of u?
2, 71
Suppose -4*q - 55 = 5*p, -3*q - 46 = q + 2*p. Let t = 4 + -17. Let n = q - t. List the prime factors of n.
3
Suppose 4 = a + 3*a. Let v be ((-5)/(-1))/(1/a). Suppose -4*b + 160 = -4*f, 158 = v*b - b - 2*f. List the prime factors of b.
3, 13
Let q(c) = c**3 - 9*c**2 + 16*c - 13. Let o be q(7). Let k(p) = 195*p**3 + p - 2. What are the prime factors of k(o)?
2, 97
Suppose 4 = -10*u + 12*u. What are the prime factors of 464/6 + u/(-6)?
7, 11
Suppose j = 3*w + 811, -3*j + 3216 = j - 5*w. What are the prime factors of j?
17, 47
Let m = -2695 - -5020. What are the prime factors of m?
3, 5, 31
Suppose -26*w - 160 = -36*w. List the prime factors of w.
2
Let j(o) = -22*o**2 + 4*o + 7. Let u be j(-2). Let f(h) = -h**2 + 5*h + 1. Let g be f(-4). Let t = g - u. What are the prime factors of t?
2, 3
Suppose -24*b + 25*b = -1. Let v(o) = -2*o + 2 - 44*o**3 + 2*o + 3*o + o**2. What are the prime factors of v(b)?
2, 11
Let u(v) = 3*v + v - v + 7*v**2 - v**3 + 4. What are the prime factors of u(5)?
3, 23
List the prime factors of (((-36)/(-15))/(-1))/(42/(-12040)).
2, 43
Let v(h) = -2*h**3 + 22*h + 13. What are the prime factors of v(-10)?
11, 163
Let o = -1588 - -3985. What are the prime f